{"id":157,"date":"2021-03-08T15:52:00","date_gmt":"2021-03-08T14:52:00","guid":{"rendered":"https:\/\/relevantfilm.clusterzone.de\/?p=157"},"modified":"2023-11-02T16:33:29","modified_gmt":"2023-11-02T15:33:29","slug":"ploetzlich-so-still","status":"publish","type":"movie","link":"https:\/\/relevantfilm.de\/?movie=ploetzlich-so-still","title":{"rendered":"Pl\u00f6tzlich so still"},"content":{"rendered":"\n<p>Auch wenn ihm der Abschied von seiner Familie schwerf\u00e4llt, fliegt Ludger (<strong>Hanno Koffler<\/strong>) kurz nach der Geburt f\u00fcr zehn Wochen in die USA. Als Kinderkrankenschwester kommt Eva (<strong>Friederike Becht<\/strong>) mit der kleinen Sarah ganz gut allein zurecht. Doch da geschieht das Unfassbare. Zwei Tage vor Ludgers R\u00fcckkehr wacht Eva morgens neben ihrem toten Baby auf. Eva schafft es nicht, sich jemandem anzuvertrauen, und treibt unter Schock durch die vorweihnachtliche Stadt. Als sie ein Kind weinen h\u00f6rt, das f\u00fcr einen Moment allein in einem Auto gelassen wurde, nimmt sie es aus einem Impuls heraus mit. In ihrer Verzweiflung beh\u00e4lt Eva das fremde M\u00e4dchen und gibt es als ihre Tochter aus. Einen Tag sp\u00e4ter kommt Ludger wieder in Hamburg an und freut sich auf seine Elternzeit mit Sarah. Gleichzeitig ermitteln seine Kollegen*innen im Fall des entf\u00fchrten Babys. Ludger bringt die Ermittlung einen gro\u00dfen Schritt weiter \u2013 ohne zu ahnen, wie nah er dem entf\u00fchrten Baby ist.<\/p>\n\n\n\n<figure class=\"wp-block-image size-full\"><img loading=\"lazy\" decoding=\"async\" width=\"1024\" height=\"576\" src=\"https:\/\/relevantfilm.de\/wp-content\/uploads\/2019\/08\/Ploetzlich-so-still-01.jpg\" alt=\"\" class=\"wp-image-2192\" srcset=\"https:\/\/relevantfilm.de\/wp-content\/uploads\/2019\/08\/Ploetzlich-so-still-01.jpg 1024w, https:\/\/relevantfilm.de\/wp-content\/uploads\/2019\/08\/Ploetzlich-so-still-01-300x169.jpg 300w, https:\/\/relevantfilm.de\/wp-content\/uploads\/2019\/08\/Ploetzlich-so-still-01-768x432.jpg 768w\" sizes=\"(max-width: 1024px) 100vw, 1024px\" \/><\/figure>\n\n\n\n<p><strong>Cast<\/strong><\/p>\n\n\n\n<p><strong>Friederike Becht \u01c0 Hanno Koffler \u01c0 Morgane Ferru \u01c0 Katharina Behrens \u01c0 Nadja Bobyleva \u01c0 Idil \u00dcner \u01c0 Christian Beermann \u01c0 Markus Frank \u01c0&nbsp; Gerhard Garbers \u01c0 Frank Logemann \u01c0&nbsp; Stefanie Braun \u01c0&nbsp; Melanie Adler \u01c0&nbsp; Vivien Mahler | Jan Peter Brose<\/strong><\/p>\n\n\n\n<p><strong>Team<\/strong><\/p>\n\n\n\n<p>Buch\u00a0<strong>Matthias Wehner\u00a0<\/strong>\u01c0 Regie<strong>\u00a0Lars \u2013 Gunnar Lotz\u00a0<\/strong>\u01c0 Kamera<strong>\u00a0Eva Katharina B\u00fchler\u00a0<\/strong>\u01c0 Musik\u00a0<strong>Matthias Weber \u01c0<\/strong> Schnitt\u00a0<strong>Anton Kornd\u00f6rfer\u00a0<\/strong>\u01c0 Mischung <strong>Arne Dammann<\/strong> | Szenenbild\u00a0<strong>Iris Trescher-Lorenz\u00a0<\/strong>\u01c0 Kost\u00fcm\u00a0<strong>Astrid M\u00f6ldner\u00a0<\/strong>\u01c0 Ton\u00a0<strong>Christoph K\u00f6pf\u00a0<\/strong>\u01c0 Maske\u00a0<strong>Jeanette Kellermann,\u00a0Alexandra Lebedynski\u00a0<\/strong>\u01c0\u00a0<strong>Licht Torsten Lemke\u00a0<\/strong>\u01c0 Casting\u00a0<strong>Marion Haack\u00a0<\/strong>\u01c0 Produktionsleitung\u00a0<strong>Andrea Bockelmann\u00a0<\/strong>\u01c0 Producerin\u00a0<strong>Paula Lichte\u00a0<\/strong>\u01c0 Redaktion ZDF\u00a0<strong>Solveig Cornelisen, Laura Mae Cuntze\u00a0<\/strong>\u01c0 Produzentin\u00a0<strong>Heike Wiehle-Timm<\/strong><\/p>\n\n\n\n<p><strong>Produktion<\/strong><\/p>\n\n\n\n<ul class=\"wp-block-list\">\n<li>Eine Relevant Film Produktion im Auftrag&nbsp;des ZDF, 2019\/2020<\/li>\n\n\n\n<li>Premiere: Int. Filmfest Hamburg 2020<\/li>\n\n\n\n<li>Erstausstrahlung am Montag, 08. M\u00e4rz 2021 um 20:15 Uhr im ZDF&nbsp;&nbsp;<\/li>\n<\/ul>\n\n\n\n<figure class=\"wp-block-image size-full\"><img loading=\"lazy\" decoding=\"async\" width=\"1024\" height=\"576\" src=\"https:\/\/relevantfilm.de\/wp-content\/uploads\/2019\/08\/Ploetzlich-so-still-02.jpg\" alt=\"\" class=\"wp-image-2190\" srcset=\"https:\/\/relevantfilm.de\/wp-content\/uploads\/2019\/08\/Ploetzlich-so-still-02.jpg 1024w, https:\/\/relevantfilm.de\/wp-content\/uploads\/2019\/08\/Ploetzlich-so-still-02-300x169.jpg 300w, https:\/\/relevantfilm.de\/wp-content\/uploads\/2019\/08\/Ploetzlich-so-still-02-768x432.jpg 768w\" sizes=\"(max-width: 1024px) 100vw, 1024px\" \/><\/figure>\n\n\n\n<p class=\"has-small-font-size\"><strong>Bildnachweise<\/strong> I&nbsp;\u201aPl\u00f6tzlich so still\u2018&nbsp;\u00a9 ZDF I Georges Pauly<\/p>\n","protected":false},"author":3,"featured_media":2191,"template":"","movie_cats":[6,3],"movie_flags":[],"class_list":["post-157","movie","type-movie","status-publish","has-post-thumbnail","hentry","movie_cat-unsere-filme","movie_cat-fernsehen"],"acf":[],"yoast_head":"<!-- This site is optimized with the Yoast SEO plugin v27.4 - https:\/\/yoast.com\/product\/yoast-seo-wordpress\/ -->\n<title>Pl\u00f6tzlich so still - Relevant Film<\/title>\n<meta name=\"robots\" content=\"index, follow, max-snippet:-1, max-image-preview:large, max-video-preview:-1\" \/>\n<link rel=\"canonical\" href=\"https:\/\/relevantfilm.de\/?movie=ploetzlich-so-still\" \/>\n<meta property=\"og:locale\" content=\"de_DE\" \/>\n<meta property=\"og:type\" content=\"article\" \/>\n<meta property=\"og:title\" content=\"Pl\u00f6tzlich so still - Relevant Film\" \/>\n<meta property=\"og:description\" content=\"Auch wenn ihm der Abschied von seiner Familie schwerf\u00e4llt, fliegt Ludger (Hanno Koffler) kurz nach der Geburt f\u00fcr zehn Wochen in die USA. Als Kinderkrankenschwester kommt Eva (Friederike Becht) mit der kleinen Sarah ganz gut allein zurecht. Doch da geschieht das Unfassbare. Zwei Tage vor Ludgers R\u00fcckkehr wacht Eva morgens neben ihrem toten Baby auf. [&hellip;]\" \/>\n<meta property=\"og:url\" content=\"https:\/\/relevantfilm.de\/?movie=ploetzlich-so-still\" \/>\n<meta property=\"og:site_name\" content=\"Relevant Film\" \/>\n<meta property=\"article:modified_time\" content=\"2023-11-02T15:33:29+00:00\" \/>\n<meta property=\"og:image\" content=\"https:\/\/relevantfilm.de\/wp-content\/uploads\/2019\/08\/Banner-Ploetzlich-so-still.jpg\" \/>\n\t<meta property=\"og:image:width\" content=\"2000\" \/>\n\t<meta property=\"og:image:height\" content=\"1334\" \/>\n\t<meta property=\"og:image:type\" content=\"image\/jpeg\" \/>\n<meta name=\"twitter:card\" content=\"summary_large_image\" \/>\n<meta name=\"twitter:label1\" content=\"Gesch\u00e4tzte Lesezeit\" \/>\n\t<meta name=\"twitter:data1\" content=\"3\u00a0Minuten\" \/>\n<script type=\"application\/ld+json\" class=\"yoast-schema-graph\">{\"@context\":\"https:\\\/\\\/schema.org\",\"@graph\":[{\"@type\":\"WebPage\",\"@id\":\"https:\\\/\\\/relevantfilm.de\\\/?movie=ploetzlich-so-still\",\"url\":\"https:\\\/\\\/relevantfilm.de\\\/?movie=ploetzlich-so-still\",\"name\":\"Pl\u00f6tzlich so still - Relevant Film\",\"isPartOf\":{\"@id\":\"https:\\\/\\\/relevantfilm.de\\\/#website\"},\"primaryImageOfPage\":{\"@id\":\"https:\\\/\\\/relevantfilm.de\\\/?movie=ploetzlich-so-still#primaryimage\"},\"image\":{\"@id\":\"https:\\\/\\\/relevantfilm.de\\\/?movie=ploetzlich-so-still#primaryimage\"},\"thumbnailUrl\":\"https:\\\/\\\/relevantfilm.de\\\/wp-content\\\/uploads\\\/2019\\\/08\\\/Banner-Ploetzlich-so-still.jpg\",\"datePublished\":\"2021-03-08T14:52:00+00:00\",\"dateModified\":\"2023-11-02T15:33:29+00:00\",\"breadcrumb\":{\"@id\":\"https:\\\/\\\/relevantfilm.de\\\/?movie=ploetzlich-so-still#breadcrumb\"},\"inLanguage\":\"de\",\"potentialAction\":[{\"@type\":\"ReadAction\",\"target\":[\"https:\\\/\\\/relevantfilm.de\\\/?movie=ploetzlich-so-still\"]}]},{\"@type\":\"ImageObject\",\"inLanguage\":\"de\",\"@id\":\"https:\\\/\\\/relevantfilm.de\\\/?movie=ploetzlich-so-still#primaryimage\",\"url\":\"https:\\\/\\\/relevantfilm.de\\\/wp-content\\\/uploads\\\/2019\\\/08\\\/Banner-Ploetzlich-so-still.jpg\",\"contentUrl\":\"https:\\\/\\\/relevantfilm.de\\\/wp-content\\\/uploads\\\/2019\\\/08\\\/Banner-Ploetzlich-so-still.jpg\",\"width\":2000,\"height\":1334,\"caption\":\"Pl\u00f6tzlich so still\"},{\"@type\":\"BreadcrumbList\",\"@id\":\"https:\\\/\\\/relevantfilm.de\\\/?movie=ploetzlich-so-still#breadcrumb\",\"itemListElement\":[{\"@type\":\"ListItem\",\"position\":1,\"name\":\"Startseite\",\"item\":\"https:\\\/\\\/relevantfilm.de\\\/\"},{\"@type\":\"ListItem\",\"position\":2,\"name\":\"Movies\",\"item\":\"https:\\\/\\\/relevantfilm.de\\\/?post_type=movie\"},{\"@type\":\"ListItem\",\"position\":3,\"name\":\"Pl\u00f6tzlich so still\"}]},{\"@type\":\"WebSite\",\"@id\":\"https:\\\/\\\/relevantfilm.de\\\/#website\",\"url\":\"https:\\\/\\\/relevantfilm.de\\\/\",\"name\":\"Relevant Film\",\"description\":\"Filmproduktion Hamburg\",\"potentialAction\":[{\"@type\":\"SearchAction\",\"target\":{\"@type\":\"EntryPoint\",\"urlTemplate\":\"https:\\\/\\\/relevantfilm.de\\\/?s={search_term_string}\"},\"query-input\":{\"@type\":\"PropertyValueSpecification\",\"valueRequired\":true,\"valueName\":\"search_term_string\"}}],\"inLanguage\":\"de\"}]}<\/script>\n<!-- \/ Yoast SEO plugin. -->","yoast_head_json":{"title":"Pl\u00f6tzlich so still - Relevant Film","robots":{"index":"index","follow":"follow","max-snippet":"max-snippet:-1","max-image-preview":"max-image-preview:large","max-video-preview":"max-video-preview:-1"},"canonical":"https:\/\/relevantfilm.de\/?movie=ploetzlich-so-still","og_locale":"de_DE","og_type":"article","og_title":"Pl\u00f6tzlich so still - Relevant Film","og_description":"Auch wenn ihm der Abschied von seiner Familie schwerf\u00e4llt, fliegt Ludger (Hanno Koffler) kurz nach der Geburt f\u00fcr zehn Wochen in die USA. Als Kinderkrankenschwester kommt Eva (Friederike Becht) mit der kleinen Sarah ganz gut allein zurecht. Doch da geschieht das Unfassbare. Zwei Tage vor Ludgers R\u00fcckkehr wacht Eva morgens neben ihrem toten Baby auf. [&hellip;]","og_url":"https:\/\/relevantfilm.de\/?movie=ploetzlich-so-still","og_site_name":"Relevant Film","article_modified_time":"2023-11-02T15:33:29+00:00","og_image":[{"width":2000,"height":1334,"url":"https:\/\/relevantfilm.de\/wp-content\/uploads\/2019\/08\/Banner-Ploetzlich-so-still.jpg","type":"image\/jpeg"}],"twitter_card":"summary_large_image","twitter_misc":{"Gesch\u00e4tzte Lesezeit":"3\u00a0Minuten"},"schema":{"@context":"https:\/\/schema.org","@graph":[{"@type":"WebPage","@id":"https:\/\/relevantfilm.de\/?movie=ploetzlich-so-still","url":"https:\/\/relevantfilm.de\/?movie=ploetzlich-so-still","name":"Pl\u00f6tzlich so still - Relevant Film","isPartOf":{"@id":"https:\/\/relevantfilm.de\/#website"},"primaryImageOfPage":{"@id":"https:\/\/relevantfilm.de\/?movie=ploetzlich-so-still#primaryimage"},"image":{"@id":"https:\/\/relevantfilm.de\/?movie=ploetzlich-so-still#primaryimage"},"thumbnailUrl":"https:\/\/relevantfilm.de\/wp-content\/uploads\/2019\/08\/Banner-Ploetzlich-so-still.jpg","datePublished":"2021-03-08T14:52:00+00:00","dateModified":"2023-11-02T15:33:29+00:00","breadcrumb":{"@id":"https:\/\/relevantfilm.de\/?movie=ploetzlich-so-still#breadcrumb"},"inLanguage":"de","potentialAction":[{"@type":"ReadAction","target":["https:\/\/relevantfilm.de\/?movie=ploetzlich-so-still"]}]},{"@type":"ImageObject","inLanguage":"de","@id":"https:\/\/relevantfilm.de\/?movie=ploetzlich-so-still#primaryimage","url":"https:\/\/relevantfilm.de\/wp-content\/uploads\/2019\/08\/Banner-Ploetzlich-so-still.jpg","contentUrl":"https:\/\/relevantfilm.de\/wp-content\/uploads\/2019\/08\/Banner-Ploetzlich-so-still.jpg","width":2000,"height":1334,"caption":"Pl\u00f6tzlich so still"},{"@type":"BreadcrumbList","@id":"https:\/\/relevantfilm.de\/?movie=ploetzlich-so-still#breadcrumb","itemListElement":[{"@type":"ListItem","position":1,"name":"Startseite","item":"https:\/\/relevantfilm.de\/"},{"@type":"ListItem","position":2,"name":"Movies","item":"https:\/\/relevantfilm.de\/?post_type=movie"},{"@type":"ListItem","position":3,"name":"Pl\u00f6tzlich so still"}]},{"@type":"WebSite","@id":"https:\/\/relevantfilm.de\/#website","url":"https:\/\/relevantfilm.de\/","name":"Relevant Film","description":"Filmproduktion Hamburg","potentialAction":[{"@type":"SearchAction","target":{"@type":"EntryPoint","urlTemplate":"https:\/\/relevantfilm.de\/?s={search_term_string}"},"query-input":{"@type":"PropertyValueSpecification","valueRequired":true,"valueName":"search_term_string"}}],"inLanguage":"de"}]}},"_links":{"self":[{"href":"https:\/\/relevantfilm.de\/index.php?rest_route=\/wp\/v2\/movies\/157","targetHints":{"allow":["GET"]}}],"collection":[{"href":"https:\/\/relevantfilm.de\/index.php?rest_route=\/wp\/v2\/movies"}],"about":[{"href":"https:\/\/relevantfilm.de\/index.php?rest_route=\/wp\/v2\/types\/movie"}],"author":[{"embeddable":true,"href":"https:\/\/relevantfilm.de\/index.php?rest_route=\/wp\/v2\/users\/3"}],"wp:featuredmedia":[{"embeddable":true,"href":"https:\/\/relevantfilm.de\/index.php?rest_route=\/wp\/v2\/media\/2191"}],"wp:attachment":[{"href":"https:\/\/relevantfilm.de\/index.php?rest_route=%2Fwp%2Fv2%2Fmedia&parent=157"}],"wp:term":[{"taxonomy":"movie_cat","embeddable":true,"href":"https:\/\/relevantfilm.de\/index.php?rest_route=%2Fwp%2Fv2%2Fmovie_cats&post=157"},{"taxonomy":"movie_flag","embeddable":true,"href":"https:\/\/relevantfilm.de\/index.php?rest_route=%2Fwp%2Fv2%2Fmovie_flags&post=157"}],"curies":[{"name":"wp","href":"https:\/\/api.w.org\/{rel}","templated":true}]}}

Plötzlich so still

<p>Auch wenn ihm der Abschied von seiner Familie schwerfällt, fliegt Ludger (<strong>Hanno Koffler</strong>) kurz nach der Geburt für zehn Wochen in die USA. Als Kinderkrankenschwester kommt Eva (<strong>Friederike Becht</strong>) mit der kleinen Sarah ganz gut allein zurecht. Doch da geschieht das Unfassbare. Zwei Tage vor Ludgers Rückkehr wacht Eva morgens neben ihrem toten Baby auf. Eva schafft es nicht, sich jemandem anzuvertrauen, und treibt unter Schock durch die vorweihnachtliche Stadt. Als sie ein Kind weinen hört, das für einen Moment allein in einem Auto gelassen wurde, nimmt sie es aus einem Impuls heraus mit. In ihrer Verzweiflung behält Eva das fremde Mädchen und gibt es als ihre Tochter aus. Einen Tag später kommt Ludger wieder in Hamburg an und freut sich auf seine Elternzeit mit Sarah. Gleichzeitig ermitteln seine Kollegen*innen im Fall des entführten Babys. Ludger bringt die Ermittlung einen großen Schritt weiter – ohne zu ahnen, wie nah er dem entführten Baby ist.</p>



<figure class="wp-block-image size-full"><img loading="lazy" decoding="async" width="1024" height="576" src="https://relevantfilm.de/wp-content/uploads/2019/08/Ploetzlich-so-still-01.jpg" alt="" class="wp-image-2192" srcset="https://relevantfilm.de/wp-content/uploads/2019/08/Ploetzlich-so-still-01.jpg 1024w, https://relevantfilm.de/wp-content/uploads/2019/08/Ploetzlich-so-still-01-300x169.jpg 300w, https://relevantfilm.de/wp-content/uploads/2019/08/Ploetzlich-so-still-01-768x432.jpg 768w" sizes="(max-width: 1024px) 100vw, 1024px" /></figure>



<p><strong>Cast</strong></p>



<p><strong>Friederike Becht ǀ Hanno Koffler ǀ Morgane Ferru ǀ Katharina Behrens ǀ Nadja Bobyleva ǀ Idil Üner ǀ Christian Beermann ǀ Markus Frank ǀ&nbsp; Gerhard Garbers ǀ Frank Logemann ǀ&nbsp; Stefanie Braun ǀ&nbsp; Melanie Adler ǀ&nbsp; Vivien Mahler | Jan Peter Brose</strong></p>



<p><strong>Team</strong></p>



<p>Buch <strong>Matthias Wehner </strong>ǀ Regie<strong> Lars – Gunnar Lotz </strong>ǀ Kamera<strong> Eva Katharina Bühler </strong>ǀ Musik <strong>Matthias Weber ǀ</strong> Schnitt <strong>Anton Korndörfer </strong>ǀ Mischung <strong>Arne Dammann</strong> | Szenenbild <strong>Iris Trescher-Lorenz </strong>ǀ Kostüm <strong>Astrid Möldner </strong>ǀ Ton <strong>Christoph Köpf </strong>ǀ Maske <strong>Jeanette Kellermann, Alexandra Lebedynski </strong>ǀ <strong>Licht Torsten Lemke </strong>ǀ Casting <strong>Marion Haack </strong>ǀ Produktionsleitung <strong>Andrea Bockelmann </strong>ǀ Producerin <strong>Paula Lichte </strong>ǀ Redaktion ZDF <strong>Solveig Cornelisen, Laura Mae Cuntze </strong>ǀ Produzentin <strong>Heike Wiehle-Timm</strong></p>



<p><strong>Produktion</strong></p>



<ul class="wp-block-list">
<li>Eine Relevant Film Produktion im Auftrag&nbsp;des ZDF, 2019/2020</li>



<li>Premiere: Int. Filmfest Hamburg 2020</li>



<li>Erstausstrahlung am Montag, 08. März 2021 um 20:15 Uhr im ZDF&nbsp;&nbsp;</li>
</ul>



<figure class="wp-block-image size-full"><img loading="lazy" decoding="async" width="1024" height="576" src="https://relevantfilm.de/wp-content/uploads/2019/08/Ploetzlich-so-still-02.jpg" alt="" class="wp-image-2190" srcset="https://relevantfilm.de/wp-content/uploads/2019/08/Ploetzlich-so-still-02.jpg 1024w, https://relevantfilm.de/wp-content/uploads/2019/08/Ploetzlich-so-still-02-300x169.jpg 300w, https://relevantfilm.de/wp-content/uploads/2019/08/Ploetzlich-so-still-02-768x432.jpg 768w" sizes="(max-width: 1024px) 100vw, 1024px" /></figure>



<p class="has-small-font-size"><strong>Bildnachweise</strong> I&nbsp;‚Plötzlich so still‘&nbsp;© ZDF I Georges Pauly</p>

<!-- This site is optimized with the Yoast SEO plugin v27.4 - https://yoast.com/product/yoast-seo-wordpress/ -->
<title>Plötzlich so still - Relevant Film</title>
<meta name="robots" content="index, follow, max-snippet:-1, max-image-preview:large, max-video-preview:-1" />
<link rel="canonical" href="https://relevantfilm.de/?movie=ploetzlich-so-still" />
<meta property="og:locale" content="de_DE" />
<meta property="og:type" content="article" />
<meta property="og:title" content="Plötzlich so still - Relevant Film" />
<meta property="og:description" content="Auch wenn ihm der Abschied von seiner Familie schwerfällt, fliegt Ludger (Hanno Koffler) kurz nach der Geburt für zehn Wochen in die USA. Als Kinderkrankenschwester kommt Eva (Friederike Becht) mit der kleinen Sarah ganz gut allein zurecht. Doch da geschieht das Unfassbare. Zwei Tage vor Ludgers Rückkehr wacht Eva morgens neben ihrem toten Baby auf. [&hellip;]" />
<meta property="og:url" content="https://relevantfilm.de/?movie=ploetzlich-so-still" />
<meta property="og:site_name" content="Relevant Film" />
<meta property="article:modified_time" content="2023-11-02T15:33:29+00:00" />
<meta property="og:image" content="https://relevantfilm.de/wp-content/uploads/2019/08/Banner-Ploetzlich-so-still.jpg" />
	<meta property="og:image:width" content="2000" />
	<meta property="og:image:height" content="1334" />
	<meta property="og:image:type" content="image/jpeg" />
<meta name="twitter:card" content="summary_large_image" />
<meta name="twitter:label1" content="Geschätzte Lesezeit" />
	<meta name="twitter:data1" content="3 Minuten" />
<script type="application/ld+json" class="yoast-schema-graph">{"@context":"https:\/\/schema.org","@graph":[{"@type":"WebPage","@id":"https:\/\/relevantfilm.de\/?movie=ploetzlich-so-still","url":"https:\/\/relevantfilm.de\/?movie=ploetzlich-so-still","name":"Plötzlich so still - Relevant Film","isPartOf":{"@id":"https:\/\/relevantfilm.de\/#website"},"primaryImageOfPage":{"@id":"https:\/\/relevantfilm.de\/?movie=ploetzlich-so-still#primaryimage"},"image":{"@id":"https:\/\/relevantfilm.de\/?movie=ploetzlich-so-still#primaryimage"},"thumbnailUrl":"https:\/\/relevantfilm.de\/wp-content\/uploads\/2019\/08\/Banner-Ploetzlich-so-still.jpg","datePublished":"2021-03-08T14:52:00+00:00","dateModified":"2023-11-02T15:33:29+00:00","breadcrumb":{"@id":"https:\/\/relevantfilm.de\/?movie=ploetzlich-so-still#breadcrumb"},"inLanguage":"de","potentialAction":[{"@type":"ReadAction","target":["https:\/\/relevantfilm.de\/?movie=ploetzlich-so-still"]}]},{"@type":"ImageObject","inLanguage":"de","@id":"https:\/\/relevantfilm.de\/?movie=ploetzlich-so-still#primaryimage","url":"https:\/\/relevantfilm.de\/wp-content\/uploads\/2019\/08\/Banner-Ploetzlich-so-still.jpg","contentUrl":"https:\/\/relevantfilm.de\/wp-content\/uploads\/2019\/08\/Banner-Ploetzlich-so-still.jpg","width":2000,"height":1334,"caption":"Plötzlich so still"},{"@type":"BreadcrumbList","@id":"https:\/\/relevantfilm.de\/?movie=ploetzlich-so-still#breadcrumb","itemListElement":[{"@type":"ListItem","position":1,"name":"Startseite","item":"https:\/\/relevantfilm.de\/"},{"@type":"ListItem","position":2,"name":"Movies","item":"https:\/\/relevantfilm.de\/?post_type=movie"},{"@type":"ListItem","position":3,"name":"Plötzlich so still"}]},{"@type":"WebSite","@id":"https:\/\/relevantfilm.de\/#website","url":"https:\/\/relevantfilm.de\/","name":"Relevant Film","description":"Filmproduktion Hamburg","potentialAction":[{"@type":"SearchAction","target":{"@type":"EntryPoint","urlTemplate":"https:\/\/relevantfilm.de\/?s={search_term_string}"},"query-input":{"@type":"PropertyValueSpecification","valueRequired":true,"valueName":"search_term_string"}}],"inLanguage":"de"}]}</script>
<!-- / Yoast SEO plugin. -->

Plötzlich so still - Relevant Film

Auch wenn ihm der Abschied von seiner Familie schwerfällt, fliegt Ludger (Hanno Koffler) kurz nach der Geburt für zehn Wochen in die USA. Als Kinderkrankenschwester kommt Eva (Friederike Becht) mit der kleinen Sarah ganz gut allein zurecht. Doch da geschieht das Unfassbare. Zwei Tage vor Ludgers Rückkehr wacht Eva morgens neben ihrem toten Baby auf. [&hellip;]
