{"id":167,"date":"2000-01-19T14:18:00","date_gmt":"2000-01-19T13:18:00","guid":{"rendered":"https:\/\/relevantfilm.clusterzone.de\/?p=167"},"modified":"2023-05-04T15:15:22","modified_gmt":"2023-05-04T13:15:22","slug":"und-morgen-geht-die-sonne-wieder-auf","status":"publish","type":"movie","link":"https:\/\/relevantfilm.de\/?movie=und-morgen-geht-die-sonne-wieder-auf","title":{"rendered":"Und morgen geht die Sonne wieder auf"},"content":{"rendered":"\n<p>Ulrike bleibt mit ihrem Entsetzen und Schmerz allein. Beide werden einander immer fremder und finden keinen Zugang zu den Gef\u00fchlen des anderen. Ulrike, in einem Gef\u00fchl der v\u00f6lligen Sinnlosigkeit und Taubheit gefangen, beginnt eine kurze Aff\u00e4re, um sich wieder zu sp\u00fcren \u2013 und treibt damit den Konflikt mit ihrem Mann Florian auf die Spitze. Florian verliert auch im Beruf seine gewohnte Souver\u00e4nit\u00e4t und wird zum ersten Mal im Leben mit seinem eigenen beruflichen Versagen konfrontiert. Erst dieses Versagen l\u00e4sst ihn sich \u00f6ffnen f\u00fcr seine Gef\u00fchle der Trauer. Dass es Ulrike schlie\u00dflich gelingt, bewusst von ihrem toten Kind Abschied zu nehmen und auf ihren Mann wieder offen zuzugehen, ist ein langsamer und schmerzvoller Prozess, in dem sich beide ver\u00e4ndern und neue Seiten von sich zulassen m\u00fcssen.<\/p>\n\n\n\n<p><strong>Cast<\/strong><\/p>\n\n\n\n<p><strong>Antje Schmidt \u01c0 Hans-Werner Meyer \u01c0 Konstantin Graudus \u01c0 Jacqueline Macaulay \u01c0 J\u00fcrgen Hentsch \u01c0 Charlotte Schwab \u01c0 Aco Jovanovic \u01c0 Cordula Trantow \u01c0 Hans Heller \u01c0 Katja Giammonna&nbsp;u.v.a.<\/strong><\/p>\n\n\n\n<p><strong>Team<\/strong><\/p>\n\n\n\n<p>Buch&nbsp;<strong>Karin Howard&nbsp;<\/strong>nach ihrem Roman \u201eWilde Trauer\u201c \u01c0 Regie&nbsp;<strong>Johannes Fabrick&nbsp;<\/strong>\u01c0 Kamera&nbsp;<strong>Holly Fink&nbsp;<\/strong>\u01c0 Musik&nbsp;<strong>G\u00fcnter Mokesch&nbsp;<\/strong>\u01c0 Schnitt&nbsp;<strong>Barbara Hennings&nbsp;<\/strong>\u01c0 Szenenbild&nbsp;<strong>Andreas Rudolph&nbsp;<\/strong>\u01c0 Kost\u00fcm&nbsp;<strong>Gurli Thermann&nbsp;<\/strong>\u01c0 Ton&nbsp;<strong>Volker Zeigermann&nbsp;<\/strong>\u01c0 &nbsp;Maske&nbsp;<strong>Jana Wuttke,Elisabeth Harlan<\/strong>&nbsp;\u01c0 Mischung&nbsp;<strong>Richard Borowski&nbsp;<\/strong>&nbsp;\u01c0 Casting&nbsp;<strong>Gitta Uhlig&nbsp;<\/strong>\u01c0 Produktionsleitung&nbsp;<strong>Christian Springer&nbsp;<\/strong>\u01c0 Producerin&nbsp;<strong>Nikola Bock&nbsp;<\/strong>\u01c0 Redaktion RTL&nbsp;<strong>Monika Lackus&nbsp;<\/strong>\u01c0 Produzentin&nbsp;<strong>Heike Wiehle-Timm<\/strong><\/p>\n\n\n\n<p><strong>Produktion<\/strong><\/p>\n\n\n\n<ul class=\"wp-block-list\">\n<li>Eine Relevant Film Produktion im Auftrag von RTL, 1999<\/li>\n\n\n\n<li>Erstausstrahlung 19.01.2000, 20:15 Uhr, RTL&nbsp;<\/li>\n<\/ul>\n\n\n\n<p><strong>Festivals \u01c0 Preise<\/strong><\/p>\n\n\n\n<ul class=\"wp-block-list\">\n<li>Internationales Filmfest Hamburg, 1999<\/li>\n\n\n\n<li>Bayerischer Fernsehpreis 2000<\/li>\n\n\n\n<li>f\u00fcr die Hauptdarsteller Antje Schmidt und Hans-Werner Meyer<\/li>\n\n\n\n<li>Deutscher Kamerapreis 2000 f\u00fcr Barbara Hennings (Schnitt)<\/li>\n\n\n\n<li>Nominiert f\u00fcr den Deutschen Fernsehpreis 2000 (Beste Regie)<\/li>\n<\/ul>\n\n\n\n<p class=\"has-small-font-size\"><strong>Bildnachweis<\/strong> I \u201aUnd morgen geht die Sonne wieder auf\u2018 \u00a9 RTL I Wolfgang Meier<\/p>\n","protected":false},"author":3,"featured_media":2232,"template":"","movie_cats":[6,3],"movie_flags":[],"class_list":["post-167","movie","type-movie","status-publish","has-post-thumbnail","hentry","movie_cat-unsere-filme","movie_cat-fernsehen"],"acf":[],"yoast_head":"<!-- This site is optimized with the Yoast SEO plugin v27.4 - https:\/\/yoast.com\/product\/yoast-seo-wordpress\/ -->\n<title>Und morgen geht die Sonne wieder auf - Relevant Film<\/title>\n<meta name=\"robots\" content=\"index, follow, max-snippet:-1, max-image-preview:large, max-video-preview:-1\" \/>\n<link rel=\"canonical\" href=\"https:\/\/relevantfilm.de\/?movie=und-morgen-geht-die-sonne-wieder-auf\" \/>\n<meta property=\"og:locale\" content=\"de_DE\" \/>\n<meta property=\"og:type\" content=\"article\" \/>\n<meta property=\"og:title\" content=\"Und morgen geht die Sonne wieder auf - Relevant Film\" \/>\n<meta property=\"og:description\" content=\"Ulrike bleibt mit ihrem Entsetzen und Schmerz allein. Beide werden einander immer fremder und finden keinen Zugang zu den Gef\u00fchlen des anderen. Ulrike, in einem Gef\u00fchl der v\u00f6lligen Sinnlosigkeit und Taubheit gefangen, beginnt eine kurze Aff\u00e4re, um sich wieder zu sp\u00fcren \u2013 und treibt damit den Konflikt mit ihrem Mann Florian auf die Spitze. Florian [&hellip;]\" \/>\n<meta property=\"og:url\" content=\"https:\/\/relevantfilm.de\/?movie=und-morgen-geht-die-sonne-wieder-auf\" \/>\n<meta property=\"og:site_name\" content=\"Relevant Film\" \/>\n<meta property=\"article:modified_time\" content=\"2023-05-04T13:15:22+00:00\" \/>\n<meta property=\"og:image\" content=\"https:\/\/relevantfilm.de\/wp-content\/uploads\/2019\/07\/Banner-Und-morgen-geht-die-Sonne-wieder-auf.jpg\" \/>\n\t<meta property=\"og:image:width\" content=\"460\" \/>\n\t<meta property=\"og:image:height\" content=\"307\" \/>\n\t<meta property=\"og:image:type\" content=\"image\/jpeg\" \/>\n<meta name=\"twitter:card\" content=\"summary_large_image\" \/>\n<meta name=\"twitter:label1\" content=\"Gesch\u00e4tzte Lesezeit\" \/>\n\t<meta name=\"twitter:data1\" content=\"2\u00a0Minuten\" \/>\n<script type=\"application\/ld+json\" class=\"yoast-schema-graph\">{\"@context\":\"https:\\\/\\\/schema.org\",\"@graph\":[{\"@type\":\"WebPage\",\"@id\":\"https:\\\/\\\/relevantfilm.de\\\/?movie=und-morgen-geht-die-sonne-wieder-auf\",\"url\":\"https:\\\/\\\/relevantfilm.de\\\/?movie=und-morgen-geht-die-sonne-wieder-auf\",\"name\":\"Und morgen geht die Sonne wieder auf - Relevant Film\",\"isPartOf\":{\"@id\":\"https:\\\/\\\/relevantfilm.de\\\/#website\"},\"primaryImageOfPage\":{\"@id\":\"https:\\\/\\\/relevantfilm.de\\\/?movie=und-morgen-geht-die-sonne-wieder-auf#primaryimage\"},\"image\":{\"@id\":\"https:\\\/\\\/relevantfilm.de\\\/?movie=und-morgen-geht-die-sonne-wieder-auf#primaryimage\"},\"thumbnailUrl\":\"https:\\\/\\\/relevantfilm.de\\\/wp-content\\\/uploads\\\/2019\\\/07\\\/Banner-Und-morgen-geht-die-Sonne-wieder-auf.jpg\",\"datePublished\":\"2000-01-19T13:18:00+00:00\",\"dateModified\":\"2023-05-04T13:15:22+00:00\",\"breadcrumb\":{\"@id\":\"https:\\\/\\\/relevantfilm.de\\\/?movie=und-morgen-geht-die-sonne-wieder-auf#breadcrumb\"},\"inLanguage\":\"de\",\"potentialAction\":[{\"@type\":\"ReadAction\",\"target\":[\"https:\\\/\\\/relevantfilm.de\\\/?movie=und-morgen-geht-die-sonne-wieder-auf\"]}]},{\"@type\":\"ImageObject\",\"inLanguage\":\"de\",\"@id\":\"https:\\\/\\\/relevantfilm.de\\\/?movie=und-morgen-geht-die-sonne-wieder-auf#primaryimage\",\"url\":\"https:\\\/\\\/relevantfilm.de\\\/wp-content\\\/uploads\\\/2019\\\/07\\\/Banner-Und-morgen-geht-die-Sonne-wieder-auf.jpg\",\"contentUrl\":\"https:\\\/\\\/relevantfilm.de\\\/wp-content\\\/uploads\\\/2019\\\/07\\\/Banner-Und-morgen-geht-die-Sonne-wieder-auf.jpg\",\"width\":460,\"height\":307},{\"@type\":\"BreadcrumbList\",\"@id\":\"https:\\\/\\\/relevantfilm.de\\\/?movie=und-morgen-geht-die-sonne-wieder-auf#breadcrumb\",\"itemListElement\":[{\"@type\":\"ListItem\",\"position\":1,\"name\":\"Startseite\",\"item\":\"https:\\\/\\\/relevantfilm.de\\\/\"},{\"@type\":\"ListItem\",\"position\":2,\"name\":\"Movies\",\"item\":\"https:\\\/\\\/relevantfilm.de\\\/?post_type=movie\"},{\"@type\":\"ListItem\",\"position\":3,\"name\":\"Und morgen geht die Sonne wieder auf\"}]},{\"@type\":\"WebSite\",\"@id\":\"https:\\\/\\\/relevantfilm.de\\\/#website\",\"url\":\"https:\\\/\\\/relevantfilm.de\\\/\",\"name\":\"Relevant Film\",\"description\":\"Filmproduktion Hamburg\",\"potentialAction\":[{\"@type\":\"SearchAction\",\"target\":{\"@type\":\"EntryPoint\",\"urlTemplate\":\"https:\\\/\\\/relevantfilm.de\\\/?s={search_term_string}\"},\"query-input\":{\"@type\":\"PropertyValueSpecification\",\"valueRequired\":true,\"valueName\":\"search_term_string\"}}],\"inLanguage\":\"de\"}]}<\/script>\n<!-- \/ Yoast SEO plugin. -->","yoast_head_json":{"title":"Und morgen geht die Sonne wieder auf - Relevant Film","robots":{"index":"index","follow":"follow","max-snippet":"max-snippet:-1","max-image-preview":"max-image-preview:large","max-video-preview":"max-video-preview:-1"},"canonical":"https:\/\/relevantfilm.de\/?movie=und-morgen-geht-die-sonne-wieder-auf","og_locale":"de_DE","og_type":"article","og_title":"Und morgen geht die Sonne wieder auf - Relevant Film","og_description":"Ulrike bleibt mit ihrem Entsetzen und Schmerz allein. Beide werden einander immer fremder und finden keinen Zugang zu den Gef\u00fchlen des anderen. Ulrike, in einem Gef\u00fchl der v\u00f6lligen Sinnlosigkeit und Taubheit gefangen, beginnt eine kurze Aff\u00e4re, um sich wieder zu sp\u00fcren \u2013 und treibt damit den Konflikt mit ihrem Mann Florian auf die Spitze. Florian [&hellip;]","og_url":"https:\/\/relevantfilm.de\/?movie=und-morgen-geht-die-sonne-wieder-auf","og_site_name":"Relevant Film","article_modified_time":"2023-05-04T13:15:22+00:00","og_image":[{"width":460,"height":307,"url":"https:\/\/relevantfilm.de\/wp-content\/uploads\/2019\/07\/Banner-Und-morgen-geht-die-Sonne-wieder-auf.jpg","type":"image\/jpeg"}],"twitter_card":"summary_large_image","twitter_misc":{"Gesch\u00e4tzte Lesezeit":"2\u00a0Minuten"},"schema":{"@context":"https:\/\/schema.org","@graph":[{"@type":"WebPage","@id":"https:\/\/relevantfilm.de\/?movie=und-morgen-geht-die-sonne-wieder-auf","url":"https:\/\/relevantfilm.de\/?movie=und-morgen-geht-die-sonne-wieder-auf","name":"Und morgen geht die Sonne wieder auf - Relevant Film","isPartOf":{"@id":"https:\/\/relevantfilm.de\/#website"},"primaryImageOfPage":{"@id":"https:\/\/relevantfilm.de\/?movie=und-morgen-geht-die-sonne-wieder-auf#primaryimage"},"image":{"@id":"https:\/\/relevantfilm.de\/?movie=und-morgen-geht-die-sonne-wieder-auf#primaryimage"},"thumbnailUrl":"https:\/\/relevantfilm.de\/wp-content\/uploads\/2019\/07\/Banner-Und-morgen-geht-die-Sonne-wieder-auf.jpg","datePublished":"2000-01-19T13:18:00+00:00","dateModified":"2023-05-04T13:15:22+00:00","breadcrumb":{"@id":"https:\/\/relevantfilm.de\/?movie=und-morgen-geht-die-sonne-wieder-auf#breadcrumb"},"inLanguage":"de","potentialAction":[{"@type":"ReadAction","target":["https:\/\/relevantfilm.de\/?movie=und-morgen-geht-die-sonne-wieder-auf"]}]},{"@type":"ImageObject","inLanguage":"de","@id":"https:\/\/relevantfilm.de\/?movie=und-morgen-geht-die-sonne-wieder-auf#primaryimage","url":"https:\/\/relevantfilm.de\/wp-content\/uploads\/2019\/07\/Banner-Und-morgen-geht-die-Sonne-wieder-auf.jpg","contentUrl":"https:\/\/relevantfilm.de\/wp-content\/uploads\/2019\/07\/Banner-Und-morgen-geht-die-Sonne-wieder-auf.jpg","width":460,"height":307},{"@type":"BreadcrumbList","@id":"https:\/\/relevantfilm.de\/?movie=und-morgen-geht-die-sonne-wieder-auf#breadcrumb","itemListElement":[{"@type":"ListItem","position":1,"name":"Startseite","item":"https:\/\/relevantfilm.de\/"},{"@type":"ListItem","position":2,"name":"Movies","item":"https:\/\/relevantfilm.de\/?post_type=movie"},{"@type":"ListItem","position":3,"name":"Und morgen geht die Sonne wieder auf"}]},{"@type":"WebSite","@id":"https:\/\/relevantfilm.de\/#website","url":"https:\/\/relevantfilm.de\/","name":"Relevant Film","description":"Filmproduktion Hamburg","potentialAction":[{"@type":"SearchAction","target":{"@type":"EntryPoint","urlTemplate":"https:\/\/relevantfilm.de\/?s={search_term_string}"},"query-input":{"@type":"PropertyValueSpecification","valueRequired":true,"valueName":"search_term_string"}}],"inLanguage":"de"}]}},"_links":{"self":[{"href":"https:\/\/relevantfilm.de\/index.php?rest_route=\/wp\/v2\/movies\/167","targetHints":{"allow":["GET"]}}],"collection":[{"href":"https:\/\/relevantfilm.de\/index.php?rest_route=\/wp\/v2\/movies"}],"about":[{"href":"https:\/\/relevantfilm.de\/index.php?rest_route=\/wp\/v2\/types\/movie"}],"author":[{"embeddable":true,"href":"https:\/\/relevantfilm.de\/index.php?rest_route=\/wp\/v2\/users\/3"}],"wp:featuredmedia":[{"embeddable":true,"href":"https:\/\/relevantfilm.de\/index.php?rest_route=\/wp\/v2\/media\/2232"}],"wp:attachment":[{"href":"https:\/\/relevantfilm.de\/index.php?rest_route=%2Fwp%2Fv2%2Fmedia&parent=167"}],"wp:term":[{"taxonomy":"movie_cat","embeddable":true,"href":"https:\/\/relevantfilm.de\/index.php?rest_route=%2Fwp%2Fv2%2Fmovie_cats&post=167"},{"taxonomy":"movie_flag","embeddable":true,"href":"https:\/\/relevantfilm.de\/index.php?rest_route=%2Fwp%2Fv2%2Fmovie_flags&post=167"}],"curies":[{"name":"wp","href":"https:\/\/api.w.org\/{rel}","templated":true}]}}

<p>Ulrike bleibt mit ihrem Entsetzen und Schmerz allein. Beide werden einander immer fremder und finden keinen Zugang zu den Gefühlen des anderen. Ulrike, in einem Gefühl der völligen Sinnlosigkeit und Taubheit gefangen, beginnt eine kurze Affäre, um sich wieder zu spüren – und treibt damit den Konflikt mit ihrem Mann Florian auf die Spitze. Florian verliert auch im Beruf seine gewohnte Souveränität und wird zum ersten Mal im Leben mit seinem eigenen beruflichen Versagen konfrontiert. Erst dieses Versagen lässt ihn sich öffnen für seine Gefühle der Trauer. Dass es Ulrike schließlich gelingt, bewusst von ihrem toten Kind Abschied zu nehmen und auf ihren Mann wieder offen zuzugehen, ist ein langsamer und schmerzvoller Prozess, in dem sich beide verändern und neue Seiten von sich zulassen müssen.</p>



<p><strong>Cast</strong></p>



<p><strong>Antje Schmidt ǀ Hans-Werner Meyer ǀ Konstantin Graudus ǀ Jacqueline Macaulay ǀ Jürgen Hentsch ǀ Charlotte Schwab ǀ Aco Jovanovic ǀ Cordula Trantow ǀ Hans Heller ǀ Katja Giammonna&nbsp;u.v.a.</strong></p>



<p><strong>Team</strong></p>



<p>Buch&nbsp;<strong>Karin Howard&nbsp;</strong>nach ihrem Roman „Wilde Trauer“ ǀ Regie&nbsp;<strong>Johannes Fabrick&nbsp;</strong>ǀ Kamera&nbsp;<strong>Holly Fink&nbsp;</strong>ǀ Musik&nbsp;<strong>Günter Mokesch&nbsp;</strong>ǀ Schnitt&nbsp;<strong>Barbara Hennings&nbsp;</strong>ǀ Szenenbild&nbsp;<strong>Andreas Rudolph&nbsp;</strong>ǀ Kostüm&nbsp;<strong>Gurli Thermann&nbsp;</strong>ǀ Ton&nbsp;<strong>Volker Zeigermann&nbsp;</strong>ǀ &nbsp;Maske&nbsp;<strong>Jana Wuttke,Elisabeth Harlan</strong>&nbsp;ǀ Mischung&nbsp;<strong>Richard Borowski&nbsp;</strong>&nbsp;ǀ Casting&nbsp;<strong>Gitta Uhlig&nbsp;</strong>ǀ Produktionsleitung&nbsp;<strong>Christian Springer&nbsp;</strong>ǀ Producerin&nbsp;<strong>Nikola Bock&nbsp;</strong>ǀ Redaktion RTL&nbsp;<strong>Monika Lackus&nbsp;</strong>ǀ Produzentin&nbsp;<strong>Heike Wiehle-Timm</strong></p>



<p><strong>Produktion</strong></p>



<ul class="wp-block-list">
<li>Eine Relevant Film Produktion im Auftrag von RTL, 1999</li>



<li>Erstausstrahlung 19.01.2000, 20:15 Uhr, RTL&nbsp;</li>
</ul>



<p><strong>Festivals ǀ Preise</strong></p>



<ul class="wp-block-list">
<li>Internationales Filmfest Hamburg, 1999</li>



<li>Bayerischer Fernsehpreis 2000</li>



<li>für die Hauptdarsteller Antje Schmidt und Hans-Werner Meyer</li>



<li>Deutscher Kamerapreis 2000 für Barbara Hennings (Schnitt)</li>



<li>Nominiert für den Deutschen Fernsehpreis 2000 (Beste Regie)</li>
</ul>



<p class="has-small-font-size"><strong>Bildnachweis</strong> I ‚Und morgen geht die Sonne wieder auf‘ © RTL I Wolfgang Meier</p>

<!-- This site is optimized with the Yoast SEO plugin v27.4 - https://yoast.com/product/yoast-seo-wordpress/ -->
<title>Und morgen geht die Sonne wieder auf - Relevant Film</title>
<meta name="robots" content="index, follow, max-snippet:-1, max-image-preview:large, max-video-preview:-1" />
<link rel="canonical" href="https://relevantfilm.de/?movie=und-morgen-geht-die-sonne-wieder-auf" />
<meta property="og:locale" content="de_DE" />
<meta property="og:type" content="article" />
<meta property="og:title" content="Und morgen geht die Sonne wieder auf - Relevant Film" />
<meta property="og:description" content="Ulrike bleibt mit ihrem Entsetzen und Schmerz allein. Beide werden einander immer fremder und finden keinen Zugang zu den Gefühlen des anderen. Ulrike, in einem Gefühl der völligen Sinnlosigkeit und Taubheit gefangen, beginnt eine kurze Affäre, um sich wieder zu spüren – und treibt damit den Konflikt mit ihrem Mann Florian auf die Spitze. Florian [&hellip;]" />
<meta property="og:url" content="https://relevantfilm.de/?movie=und-morgen-geht-die-sonne-wieder-auf" />
<meta property="og:site_name" content="Relevant Film" />
<meta property="article:modified_time" content="2023-05-04T13:15:22+00:00" />
<meta property="og:image" content="https://relevantfilm.de/wp-content/uploads/2019/07/Banner-Und-morgen-geht-die-Sonne-wieder-auf.jpg" />
	<meta property="og:image:width" content="460" />
	<meta property="og:image:height" content="307" />
	<meta property="og:image:type" content="image/jpeg" />
<meta name="twitter:card" content="summary_large_image" />
<meta name="twitter:label1" content="Geschätzte Lesezeit" />
	<meta name="twitter:data1" content="2 Minuten" />
<script type="application/ld+json" class="yoast-schema-graph">{"@context":"https:\/\/schema.org","@graph":[{"@type":"WebPage","@id":"https:\/\/relevantfilm.de\/?movie=und-morgen-geht-die-sonne-wieder-auf","url":"https:\/\/relevantfilm.de\/?movie=und-morgen-geht-die-sonne-wieder-auf","name":"Und morgen geht die Sonne wieder auf - Relevant Film","isPartOf":{"@id":"https:\/\/relevantfilm.de\/#website"},"primaryImageOfPage":{"@id":"https:\/\/relevantfilm.de\/?movie=und-morgen-geht-die-sonne-wieder-auf#primaryimage"},"image":{"@id":"https:\/\/relevantfilm.de\/?movie=und-morgen-geht-die-sonne-wieder-auf#primaryimage"},"thumbnailUrl":"https:\/\/relevantfilm.de\/wp-content\/uploads\/2019\/07\/Banner-Und-morgen-geht-die-Sonne-wieder-auf.jpg","datePublished":"2000-01-19T13:18:00+00:00","dateModified":"2023-05-04T13:15:22+00:00","breadcrumb":{"@id":"https:\/\/relevantfilm.de\/?movie=und-morgen-geht-die-sonne-wieder-auf#breadcrumb"},"inLanguage":"de","potentialAction":[{"@type":"ReadAction","target":["https:\/\/relevantfilm.de\/?movie=und-morgen-geht-die-sonne-wieder-auf"]}]},{"@type":"ImageObject","inLanguage":"de","@id":"https:\/\/relevantfilm.de\/?movie=und-morgen-geht-die-sonne-wieder-auf#primaryimage","url":"https:\/\/relevantfilm.de\/wp-content\/uploads\/2019\/07\/Banner-Und-morgen-geht-die-Sonne-wieder-auf.jpg","contentUrl":"https:\/\/relevantfilm.de\/wp-content\/uploads\/2019\/07\/Banner-Und-morgen-geht-die-Sonne-wieder-auf.jpg","width":460,"height":307},{"@type":"BreadcrumbList","@id":"https:\/\/relevantfilm.de\/?movie=und-morgen-geht-die-sonne-wieder-auf#breadcrumb","itemListElement":[{"@type":"ListItem","position":1,"name":"Startseite","item":"https:\/\/relevantfilm.de\/"},{"@type":"ListItem","position":2,"name":"Movies","item":"https:\/\/relevantfilm.de\/?post_type=movie"},{"@type":"ListItem","position":3,"name":"Und morgen geht die Sonne wieder auf"}]},{"@type":"WebSite","@id":"https:\/\/relevantfilm.de\/#website","url":"https:\/\/relevantfilm.de\/","name":"Relevant Film","description":"Filmproduktion Hamburg","potentialAction":[{"@type":"SearchAction","target":{"@type":"EntryPoint","urlTemplate":"https:\/\/relevantfilm.de\/?s={search_term_string}"},"query-input":{"@type":"PropertyValueSpecification","valueRequired":true,"valueName":"search_term_string"}}],"inLanguage":"de"}]}</script>
<!-- / Yoast SEO plugin. -->

Ulrike bleibt mit ihrem Entsetzen und Schmerz allein. Beide werden einander immer fremder und finden keinen Zugang zu den Gefühlen des anderen. Ulrike, in einem Gefühl der völligen Sinnlosigkeit und Taubheit gefangen, beginnt eine kurze Affäre, um sich wieder zu spüren – und treibt damit den Konflikt mit ihrem Mann Florian auf die Spitze. Florian [&hellip;]
