{"id":172,"date":"2014-02-21T17:26:00","date_gmt":"2014-02-21T16:26:00","guid":{"rendered":"https:\/\/relevantfilm.clusterzone.de\/?p=172"},"modified":"2023-05-04T13:06:22","modified_gmt":"2023-05-04T11:06:22","slug":"immer-wieder-anders","status":"publish","type":"movie","link":"https:\/\/relevantfilm.de\/?movie=immer-wieder-anders","title":{"rendered":"Immer wieder anders"},"content":{"rendered":"\n<p>Der Film beginnt mit ihrer Trennung. Jan (<strong>Barnaby Metschurat<\/strong>) begegnet Aimee (<strong>Laura de Boer<\/strong>), Katja (<strong>Katharina Wackernagel<\/strong>) beginnt eine Beziehung mit Bernhard (<strong>Sebastian Bezzel<\/strong>). Aber irgendwie kommen sie nicht wirklich voneinander los.<br>\u201eImmer wieder anders \u201c erz\u00e4hlt von der Ungleichheit der Liebe, die mal von einem, mal von dem anderen st\u00e4rker empfunden wird und immer wieder von der Wirklichkeit des realen Lebens gest\u00f6rt wird.<\/p>\n\n\n\n<figure class=\"wp-block-image size-full\"><img loading=\"lazy\" decoding=\"async\" width=\"1024\" height=\"683\" src=\"https:\/\/relevantfilm.de\/wp-content\/uploads\/2019\/09\/Immer-wieder-anders-01.jpg\" alt=\"\" class=\"wp-image-2147\" srcset=\"https:\/\/relevantfilm.de\/wp-content\/uploads\/2019\/09\/Immer-wieder-anders-01.jpg 1024w, https:\/\/relevantfilm.de\/wp-content\/uploads\/2019\/09\/Immer-wieder-anders-01-300x200.jpg 300w, https:\/\/relevantfilm.de\/wp-content\/uploads\/2019\/09\/Immer-wieder-anders-01-768x512.jpg 768w\" sizes=\"(max-width: 1024px) 100vw, 1024px\" \/><\/figure>\n\n\n\n<p><strong>Cast<\/strong><\/p>\n\n\n\n<p><strong>Katharina Wackernagel \u01c0 Barnaby Metschurat \u01c0 Maren Kroymann \u01c0 Sebastian Bezzel \u01c0 Laura de Boer \u01c0 Oliver Br\u00f6cker \u01c0 Tina Amon Amonsen \u01c0 Mindor Behrens \u01c0 Maximilian Werner \u01c0 Marleen Quentin \u01c0 Sophia Boehme \u01c0 Kim Riedle \u01c0 Karin Hanczewski \u01c0 Christian Concilio \u01c0 Albrecht Ganskopf \u01c0 Laura Lo Zito \u01c0 Anne Moll \u01c0 Michael Ehnert \u01c0 Paul Hansemann \u01c0 Peter Meinhardt u.v.a.<\/strong><\/p>\n\n\n\n<p><strong>Team<\/strong><\/p>\n\n\n\n<p>Buch&nbsp;<strong>Sophia Krapoth&nbsp;<\/strong>\u01c0 Regie&nbsp;<strong>Matthias Steurer&nbsp;<\/strong>\u01c0 Kamera&nbsp;<strong>Maximilian Lips&nbsp;<\/strong>\u01c0 Musik&nbsp;<strong>Michael Klaukien, Andreas Lonardoni&nbsp;<\/strong>\u01c0 Schnitt&nbsp;<strong>Dagmar Pohle&nbsp;<\/strong>\u01c0 Ton&nbsp;<strong>Andreas Pitann&nbsp;<\/strong>\u01c0 Szenenbild&nbsp;<strong>Isolde R\u00fcter&nbsp;<\/strong>\u01c0 Kost\u00fcm&nbsp;<strong>Anette Schr\u00f6der&nbsp;<\/strong>\u01c0 Ton&nbsp;<strong>Andreas Pitann&nbsp;<\/strong>\u01c0 Maske&nbsp;<strong>Rolf Baumann,&nbsp;Jasmin Soufi&nbsp;<\/strong>\u01c0 Casting&nbsp;<strong>Gitta Uhlig&nbsp;<\/strong>\u01c0 Produktionsleitung&nbsp;<strong>Peter Nawrotzki&nbsp;<\/strong>\u01c0 Producerin&nbsp;<strong>Nikola Bock&nbsp;<\/strong>\u01c0 Redaktion Degeto&nbsp;<strong>Katja Kirchen&nbsp;<\/strong>\u01c0 Redaktion NDR&nbsp;<strong>Meibrit Ahrens&nbsp;<\/strong>\u01c0 Produzentin&nbsp;<strong>Heike Wiehle-Timm<\/strong><\/p>\n\n\n\n<p><strong>Produktion<\/strong><\/p>\n\n\n\n<ul class=\"wp-block-list\">\n<li>Eine Relevant Film Produktion im Auftrag der Degeto\/NDR, 2013<\/li>\n\n\n\n<li>Erstausstrahlung am 21.02.2014, 21:00 Uhr, ARD&nbsp;<\/li>\n<\/ul>\n\n\n\n<p class=\"has-small-font-size\"><strong>Bildnachweis<\/strong> I \u201aImmer wieder anders\u2018 \u00a9 NDR\/ARD Degeto I Georges Pauly<\/p>\n","protected":false},"author":3,"featured_media":2146,"template":"","movie_cats":[6,3],"movie_flags":[],"class_list":["post-172","movie","type-movie","status-publish","has-post-thumbnail","hentry","movie_cat-unsere-filme","movie_cat-fernsehen"],"acf":[],"yoast_head":"<!-- This site is optimized with the Yoast SEO plugin v27.5 - https:\/\/yoast.com\/product\/yoast-seo-wordpress\/ -->\n<title>Immer wieder anders - Relevant Film<\/title>\n<meta name=\"robots\" content=\"index, follow, max-snippet:-1, max-image-preview:large, max-video-preview:-1\" \/>\n<link rel=\"canonical\" href=\"https:\/\/relevantfilm.de\/?movie=immer-wieder-anders\" \/>\n<meta property=\"og:locale\" content=\"de_DE\" \/>\n<meta property=\"og:type\" content=\"article\" \/>\n<meta property=\"og:title\" content=\"Immer wieder anders - Relevant Film\" \/>\n<meta property=\"og:description\" content=\"Der Film beginnt mit ihrer Trennung. Jan (Barnaby Metschurat) begegnet Aimee (Laura de Boer), Katja (Katharina Wackernagel) beginnt eine Beziehung mit Bernhard (Sebastian Bezzel). Aber irgendwie kommen sie nicht wirklich voneinander los.\u201eImmer wieder anders \u201c erz\u00e4hlt von der Ungleichheit der Liebe, die mal von einem, mal von dem anderen st\u00e4rker empfunden wird und immer wieder [&hellip;]\" \/>\n<meta property=\"og:url\" content=\"https:\/\/relevantfilm.de\/?movie=immer-wieder-anders\" \/>\n<meta property=\"og:site_name\" content=\"Relevant Film\" \/>\n<meta property=\"article:modified_time\" content=\"2023-05-04T11:06:22+00:00\" \/>\n<meta property=\"og:image\" content=\"https:\/\/relevantfilm.de\/wp-content\/uploads\/2019\/09\/Banner-Immer-wieder-anders.jpg\" \/>\n\t<meta property=\"og:image:width\" content=\"1024\" \/>\n\t<meta property=\"og:image:height\" content=\"683\" \/>\n\t<meta property=\"og:image:type\" content=\"image\/jpeg\" \/>\n<meta name=\"twitter:card\" content=\"summary_large_image\" \/>\n<meta name=\"twitter:label1\" content=\"Gesch\u00e4tzte Lesezeit\" \/>\n\t<meta name=\"twitter:data1\" content=\"2\u00a0Minuten\" \/>\n<script type=\"application\/ld+json\" class=\"yoast-schema-graph\">{\"@context\":\"https:\\\/\\\/schema.org\",\"@graph\":[{\"@type\":\"WebPage\",\"@id\":\"https:\\\/\\\/relevantfilm.de\\\/?movie=immer-wieder-anders\",\"url\":\"https:\\\/\\\/relevantfilm.de\\\/?movie=immer-wieder-anders\",\"name\":\"Immer wieder anders - Relevant Film\",\"isPartOf\":{\"@id\":\"https:\\\/\\\/relevantfilm.de\\\/#website\"},\"primaryImageOfPage\":{\"@id\":\"https:\\\/\\\/relevantfilm.de\\\/?movie=immer-wieder-anders#primaryimage\"},\"image\":{\"@id\":\"https:\\\/\\\/relevantfilm.de\\\/?movie=immer-wieder-anders#primaryimage\"},\"thumbnailUrl\":\"https:\\\/\\\/relevantfilm.de\\\/wp-content\\\/uploads\\\/2019\\\/09\\\/Banner-Immer-wieder-anders.jpg\",\"datePublished\":\"2014-02-21T16:26:00+00:00\",\"dateModified\":\"2023-05-04T11:06:22+00:00\",\"breadcrumb\":{\"@id\":\"https:\\\/\\\/relevantfilm.de\\\/?movie=immer-wieder-anders#breadcrumb\"},\"inLanguage\":\"de\",\"potentialAction\":[{\"@type\":\"ReadAction\",\"target\":[\"https:\\\/\\\/relevantfilm.de\\\/?movie=immer-wieder-anders\"]}]},{\"@type\":\"ImageObject\",\"inLanguage\":\"de\",\"@id\":\"https:\\\/\\\/relevantfilm.de\\\/?movie=immer-wieder-anders#primaryimage\",\"url\":\"https:\\\/\\\/relevantfilm.de\\\/wp-content\\\/uploads\\\/2019\\\/09\\\/Banner-Immer-wieder-anders.jpg\",\"contentUrl\":\"https:\\\/\\\/relevantfilm.de\\\/wp-content\\\/uploads\\\/2019\\\/09\\\/Banner-Immer-wieder-anders.jpg\",\"width\":1024,\"height\":683,\"caption\":\"Katharina Wackernagel (als Katja) und Sebastian Bezzel (als Bernhard)\"},{\"@type\":\"BreadcrumbList\",\"@id\":\"https:\\\/\\\/relevantfilm.de\\\/?movie=immer-wieder-anders#breadcrumb\",\"itemListElement\":[{\"@type\":\"ListItem\",\"position\":1,\"name\":\"Startseite\",\"item\":\"https:\\\/\\\/relevantfilm.de\\\/\"},{\"@type\":\"ListItem\",\"position\":2,\"name\":\"Movies\",\"item\":\"https:\\\/\\\/relevantfilm.de\\\/?post_type=movie\"},{\"@type\":\"ListItem\",\"position\":3,\"name\":\"Immer wieder anders\"}]},{\"@type\":\"WebSite\",\"@id\":\"https:\\\/\\\/relevantfilm.de\\\/#website\",\"url\":\"https:\\\/\\\/relevantfilm.de\\\/\",\"name\":\"Relevant Film\",\"description\":\"Filmproduktion Hamburg\",\"potentialAction\":[{\"@type\":\"SearchAction\",\"target\":{\"@type\":\"EntryPoint\",\"urlTemplate\":\"https:\\\/\\\/relevantfilm.de\\\/?s={search_term_string}\"},\"query-input\":{\"@type\":\"PropertyValueSpecification\",\"valueRequired\":true,\"valueName\":\"search_term_string\"}}],\"inLanguage\":\"de\"}]}<\/script>\n<!-- \/ Yoast SEO plugin. -->","yoast_head_json":{"title":"Immer wieder anders - Relevant Film","robots":{"index":"index","follow":"follow","max-snippet":"max-snippet:-1","max-image-preview":"max-image-preview:large","max-video-preview":"max-video-preview:-1"},"canonical":"https:\/\/relevantfilm.de\/?movie=immer-wieder-anders","og_locale":"de_DE","og_type":"article","og_title":"Immer wieder anders - Relevant Film","og_description":"Der Film beginnt mit ihrer Trennung. Jan (Barnaby Metschurat) begegnet Aimee (Laura de Boer), Katja (Katharina Wackernagel) beginnt eine Beziehung mit Bernhard (Sebastian Bezzel). Aber irgendwie kommen sie nicht wirklich voneinander los.\u201eImmer wieder anders \u201c erz\u00e4hlt von der Ungleichheit der Liebe, die mal von einem, mal von dem anderen st\u00e4rker empfunden wird und immer wieder [&hellip;]","og_url":"https:\/\/relevantfilm.de\/?movie=immer-wieder-anders","og_site_name":"Relevant Film","article_modified_time":"2023-05-04T11:06:22+00:00","og_image":[{"width":1024,"height":683,"url":"https:\/\/relevantfilm.de\/wp-content\/uploads\/2019\/09\/Banner-Immer-wieder-anders.jpg","type":"image\/jpeg"}],"twitter_card":"summary_large_image","twitter_misc":{"Gesch\u00e4tzte Lesezeit":"2\u00a0Minuten"},"schema":{"@context":"https:\/\/schema.org","@graph":[{"@type":"WebPage","@id":"https:\/\/relevantfilm.de\/?movie=immer-wieder-anders","url":"https:\/\/relevantfilm.de\/?movie=immer-wieder-anders","name":"Immer wieder anders - Relevant Film","isPartOf":{"@id":"https:\/\/relevantfilm.de\/#website"},"primaryImageOfPage":{"@id":"https:\/\/relevantfilm.de\/?movie=immer-wieder-anders#primaryimage"},"image":{"@id":"https:\/\/relevantfilm.de\/?movie=immer-wieder-anders#primaryimage"},"thumbnailUrl":"https:\/\/relevantfilm.de\/wp-content\/uploads\/2019\/09\/Banner-Immer-wieder-anders.jpg","datePublished":"2014-02-21T16:26:00+00:00","dateModified":"2023-05-04T11:06:22+00:00","breadcrumb":{"@id":"https:\/\/relevantfilm.de\/?movie=immer-wieder-anders#breadcrumb"},"inLanguage":"de","potentialAction":[{"@type":"ReadAction","target":["https:\/\/relevantfilm.de\/?movie=immer-wieder-anders"]}]},{"@type":"ImageObject","inLanguage":"de","@id":"https:\/\/relevantfilm.de\/?movie=immer-wieder-anders#primaryimage","url":"https:\/\/relevantfilm.de\/wp-content\/uploads\/2019\/09\/Banner-Immer-wieder-anders.jpg","contentUrl":"https:\/\/relevantfilm.de\/wp-content\/uploads\/2019\/09\/Banner-Immer-wieder-anders.jpg","width":1024,"height":683,"caption":"Katharina Wackernagel (als Katja) und Sebastian Bezzel (als Bernhard)"},{"@type":"BreadcrumbList","@id":"https:\/\/relevantfilm.de\/?movie=immer-wieder-anders#breadcrumb","itemListElement":[{"@type":"ListItem","position":1,"name":"Startseite","item":"https:\/\/relevantfilm.de\/"},{"@type":"ListItem","position":2,"name":"Movies","item":"https:\/\/relevantfilm.de\/?post_type=movie"},{"@type":"ListItem","position":3,"name":"Immer wieder anders"}]},{"@type":"WebSite","@id":"https:\/\/relevantfilm.de\/#website","url":"https:\/\/relevantfilm.de\/","name":"Relevant Film","description":"Filmproduktion Hamburg","potentialAction":[{"@type":"SearchAction","target":{"@type":"EntryPoint","urlTemplate":"https:\/\/relevantfilm.de\/?s={search_term_string}"},"query-input":{"@type":"PropertyValueSpecification","valueRequired":true,"valueName":"search_term_string"}}],"inLanguage":"de"}]}},"_links":{"self":[{"href":"https:\/\/relevantfilm.de\/index.php?rest_route=\/wp\/v2\/movies\/172","targetHints":{"allow":["GET"]}}],"collection":[{"href":"https:\/\/relevantfilm.de\/index.php?rest_route=\/wp\/v2\/movies"}],"about":[{"href":"https:\/\/relevantfilm.de\/index.php?rest_route=\/wp\/v2\/types\/movie"}],"author":[{"embeddable":true,"href":"https:\/\/relevantfilm.de\/index.php?rest_route=\/wp\/v2\/users\/3"}],"wp:featuredmedia":[{"embeddable":true,"href":"https:\/\/relevantfilm.de\/index.php?rest_route=\/wp\/v2\/media\/2146"}],"wp:attachment":[{"href":"https:\/\/relevantfilm.de\/index.php?rest_route=%2Fwp%2Fv2%2Fmedia&parent=172"}],"wp:term":[{"taxonomy":"movie_cat","embeddable":true,"href":"https:\/\/relevantfilm.de\/index.php?rest_route=%2Fwp%2Fv2%2Fmovie_cats&post=172"},{"taxonomy":"movie_flag","embeddable":true,"href":"https:\/\/relevantfilm.de\/index.php?rest_route=%2Fwp%2Fv2%2Fmovie_flags&post=172"}],"curies":[{"name":"wp","href":"https:\/\/api.w.org\/{rel}","templated":true}]}}

<p>Der Film beginnt mit ihrer Trennung. Jan (<strong>Barnaby Metschurat</strong>) begegnet Aimee (<strong>Laura de Boer</strong>), Katja (<strong>Katharina Wackernagel</strong>) beginnt eine Beziehung mit Bernhard (<strong>Sebastian Bezzel</strong>). Aber irgendwie kommen sie nicht wirklich voneinander los.<br>„Immer wieder anders “ erzählt von der Ungleichheit der Liebe, die mal von einem, mal von dem anderen stärker empfunden wird und immer wieder von der Wirklichkeit des realen Lebens gestört wird.</p>



<figure class="wp-block-image size-full"><img loading="lazy" decoding="async" width="1024" height="683" src="https://relevantfilm.de/wp-content/uploads/2019/09/Immer-wieder-anders-01.jpg" alt="" class="wp-image-2147" srcset="https://relevantfilm.de/wp-content/uploads/2019/09/Immer-wieder-anders-01.jpg 1024w, https://relevantfilm.de/wp-content/uploads/2019/09/Immer-wieder-anders-01-300x200.jpg 300w, https://relevantfilm.de/wp-content/uploads/2019/09/Immer-wieder-anders-01-768x512.jpg 768w" sizes="(max-width: 1024px) 100vw, 1024px" /></figure>



<p><strong>Cast</strong></p>



<p><strong>Katharina Wackernagel ǀ Barnaby Metschurat ǀ Maren Kroymann ǀ Sebastian Bezzel ǀ Laura de Boer ǀ Oliver Bröcker ǀ Tina Amon Amonsen ǀ Mindor Behrens ǀ Maximilian Werner ǀ Marleen Quentin ǀ Sophia Boehme ǀ Kim Riedle ǀ Karin Hanczewski ǀ Christian Concilio ǀ Albrecht Ganskopf ǀ Laura Lo Zito ǀ Anne Moll ǀ Michael Ehnert ǀ Paul Hansemann ǀ Peter Meinhardt u.v.a.</strong></p>



<p><strong>Team</strong></p>



<p>Buch&nbsp;<strong>Sophia Krapoth&nbsp;</strong>ǀ Regie&nbsp;<strong>Matthias Steurer&nbsp;</strong>ǀ Kamera&nbsp;<strong>Maximilian Lips&nbsp;</strong>ǀ Musik&nbsp;<strong>Michael Klaukien, Andreas Lonardoni&nbsp;</strong>ǀ Schnitt&nbsp;<strong>Dagmar Pohle&nbsp;</strong>ǀ Ton&nbsp;<strong>Andreas Pitann&nbsp;</strong>ǀ Szenenbild&nbsp;<strong>Isolde Rüter&nbsp;</strong>ǀ Kostüm&nbsp;<strong>Anette Schröder&nbsp;</strong>ǀ Ton&nbsp;<strong>Andreas Pitann&nbsp;</strong>ǀ Maske&nbsp;<strong>Rolf Baumann,&nbsp;Jasmin Soufi&nbsp;</strong>ǀ Casting&nbsp;<strong>Gitta Uhlig&nbsp;</strong>ǀ Produktionsleitung&nbsp;<strong>Peter Nawrotzki&nbsp;</strong>ǀ Producerin&nbsp;<strong>Nikola Bock&nbsp;</strong>ǀ Redaktion Degeto&nbsp;<strong>Katja Kirchen&nbsp;</strong>ǀ Redaktion NDR&nbsp;<strong>Meibrit Ahrens&nbsp;</strong>ǀ Produzentin&nbsp;<strong>Heike Wiehle-Timm</strong></p>



<p><strong>Produktion</strong></p>



<ul class="wp-block-list">
<li>Eine Relevant Film Produktion im Auftrag der Degeto/NDR, 2013</li>



<li>Erstausstrahlung am 21.02.2014, 21:00 Uhr, ARD&nbsp;</li>
</ul>



<p class="has-small-font-size"><strong>Bildnachweis</strong> I ‚Immer wieder anders‘ © NDR/ARD Degeto I Georges Pauly</p>

<!-- This site is optimized with the Yoast SEO plugin v27.5 - https://yoast.com/product/yoast-seo-wordpress/ -->
<title>Immer wieder anders - Relevant Film</title>
<meta name="robots" content="index, follow, max-snippet:-1, max-image-preview:large, max-video-preview:-1" />
<link rel="canonical" href="https://relevantfilm.de/?movie=immer-wieder-anders" />
<meta property="og:locale" content="de_DE" />
<meta property="og:type" content="article" />
<meta property="og:title" content="Immer wieder anders - Relevant Film" />
<meta property="og:description" content="Der Film beginnt mit ihrer Trennung. Jan (Barnaby Metschurat) begegnet Aimee (Laura de Boer), Katja (Katharina Wackernagel) beginnt eine Beziehung mit Bernhard (Sebastian Bezzel). Aber irgendwie kommen sie nicht wirklich voneinander los.„Immer wieder anders “ erzählt von der Ungleichheit der Liebe, die mal von einem, mal von dem anderen stärker empfunden wird und immer wieder [&hellip;]" />
<meta property="og:url" content="https://relevantfilm.de/?movie=immer-wieder-anders" />
<meta property="og:site_name" content="Relevant Film" />
<meta property="article:modified_time" content="2023-05-04T11:06:22+00:00" />
<meta property="og:image" content="https://relevantfilm.de/wp-content/uploads/2019/09/Banner-Immer-wieder-anders.jpg" />
	<meta property="og:image:width" content="1024" />
	<meta property="og:image:height" content="683" />
	<meta property="og:image:type" content="image/jpeg" />
<meta name="twitter:card" content="summary_large_image" />
<meta name="twitter:label1" content="Geschätzte Lesezeit" />
	<meta name="twitter:data1" content="2 Minuten" />
<script type="application/ld+json" class="yoast-schema-graph">{"@context":"https:\/\/schema.org","@graph":[{"@type":"WebPage","@id":"https:\/\/relevantfilm.de\/?movie=immer-wieder-anders","url":"https:\/\/relevantfilm.de\/?movie=immer-wieder-anders","name":"Immer wieder anders - Relevant Film","isPartOf":{"@id":"https:\/\/relevantfilm.de\/#website"},"primaryImageOfPage":{"@id":"https:\/\/relevantfilm.de\/?movie=immer-wieder-anders#primaryimage"},"image":{"@id":"https:\/\/relevantfilm.de\/?movie=immer-wieder-anders#primaryimage"},"thumbnailUrl":"https:\/\/relevantfilm.de\/wp-content\/uploads\/2019\/09\/Banner-Immer-wieder-anders.jpg","datePublished":"2014-02-21T16:26:00+00:00","dateModified":"2023-05-04T11:06:22+00:00","breadcrumb":{"@id":"https:\/\/relevantfilm.de\/?movie=immer-wieder-anders#breadcrumb"},"inLanguage":"de","potentialAction":[{"@type":"ReadAction","target":["https:\/\/relevantfilm.de\/?movie=immer-wieder-anders"]}]},{"@type":"ImageObject","inLanguage":"de","@id":"https:\/\/relevantfilm.de\/?movie=immer-wieder-anders#primaryimage","url":"https:\/\/relevantfilm.de\/wp-content\/uploads\/2019\/09\/Banner-Immer-wieder-anders.jpg","contentUrl":"https:\/\/relevantfilm.de\/wp-content\/uploads\/2019\/09\/Banner-Immer-wieder-anders.jpg","width":1024,"height":683,"caption":"Katharina Wackernagel (als Katja) und Sebastian Bezzel (als Bernhard)"},{"@type":"BreadcrumbList","@id":"https:\/\/relevantfilm.de\/?movie=immer-wieder-anders#breadcrumb","itemListElement":[{"@type":"ListItem","position":1,"name":"Startseite","item":"https:\/\/relevantfilm.de\/"},{"@type":"ListItem","position":2,"name":"Movies","item":"https:\/\/relevantfilm.de\/?post_type=movie"},{"@type":"ListItem","position":3,"name":"Immer wieder anders"}]},{"@type":"WebSite","@id":"https:\/\/relevantfilm.de\/#website","url":"https:\/\/relevantfilm.de\/","name":"Relevant Film","description":"Filmproduktion Hamburg","potentialAction":[{"@type":"SearchAction","target":{"@type":"EntryPoint","urlTemplate":"https:\/\/relevantfilm.de\/?s={search_term_string}"},"query-input":{"@type":"PropertyValueSpecification","valueRequired":true,"valueName":"search_term_string"}}],"inLanguage":"de"}]}</script>
<!-- / Yoast SEO plugin. -->

Der Film beginnt mit ihrer Trennung. Jan (Barnaby Metschurat) begegnet Aimee (Laura de Boer), Katja (Katharina Wackernagel) beginnt eine Beziehung mit Bernhard (Sebastian Bezzel). Aber irgendwie kommen sie nicht wirklich voneinander los.„Immer wieder anders “ erzählt von der Ungleichheit der Liebe, die mal von einem, mal von dem anderen stärker empfunden wird und immer wieder [&hellip;]
